 Let q be z(i). Is q/45*-3 - (-469)/3 composite?
False
Suppose -8*k + 17 + 319 = 0. Let j = k - 38. Suppose 4*c - 3*c - 794 = -f, -j*f + 3203 = -5*c. Is f a prime number?
True
Suppose 3689915 = 5*h + 2*g - 2040171, -g + 2292036 = 2*h. Is h composite?
True
Let j(v) = -2614*v + 77. Is j(-15) a composite number?
True
Let m = 62 + -48. Let a be 5188/2*m/28. Let p = a + -800. Is p a composite number?
True
Let k(x) = 769*x**2 + 2*x - 4. Let s be k(1). Suppose -5*b - 2*i + 1964 + s = 0, 2*b - 1096 = -2*i. Is b a prime number?
False
Let v = 15 + -13. Let a(p) = -9*p**v - 3*p - 1 + 5*p**3 + 2*p**2 - p**3. Is a(6) a prime number?
True
Let g = -13431 - -18813. Let n = g - 1825. Is n prime?
True
Let u(b) = -4658*b - 3. Is u(-7) a composite number?
False
Suppose 0 = 52*g - 6388656 + 400492. Is g composite?
True
Let f(d) = 18*d**2 - 3*d + 332611. Is f(0) a composite number?
False
Let n = 70 - 77. Let t be n/((-7)/4) + -1. Suppose 0 = -t*c - 9*c + 8124. Is c a prime number?
True
Suppose -56532 = 13*q - 20*q. Suppose -3*o + o - 16146 = -2*f, q = f - 4*o. Let n = -3511 + f. Is n prime?
True
Suppose 213724 = 13*j - 160624. Suppose 4*z = z - 9, -5*b + 2*z = -j. Is b a composite number?
True
Suppose 8*o - 56044 = o + 88975. Is o composite?
False
Let m = -3666 - 6361. Let x = m - -14228. Is x composite?
False
Let u(f) = 4*f**2 - 3*f - 19. Let p(d) be the first derivative of d**3/3 - 3*d**2 - 10*d + 10. Let o be p(-4). Is u(o) a prime number?
True
Let f(j) = -j**2 - 3*j - 2. Let s be f(-2). Suppose t + 2*t = 3*h + 12, 3*t - 12 = h. Suppose s = -h*v - v + 563. Is v a prime number?
True
Is (-1 + 2694952/4)*(10 + -4)/18 a composite number?
False
Let p = -564144 - -807055. Is p prime?
True
Let z = -10 - -19. Suppose 4*l - 23 - z = 0. Suppose -11*n + 57 = -l*n. Is n composite?
False
Suppose -q - q = -j + 45, 175 = 3*j + 4*q. Suppose 0 = -i + j - 25. Suppose -5*o + z + 125 = -o, o = -3*z + i. Is o prime?
True
Let p = 82 - 77. Suppose m = -p*j + 2674, 2*j + 4*m - 317 = 749. Suppose 0 = 3*h - j - 584. Is h a composite number?
False
Let p(v) = -71*v - 146. Let s be p(-2). Let t(n) = -5*n + 13 + 0*n + 38*n**2 - 6*n**2. Is t(s) a composite number?
True
Let y(a) = 70*a**2 + 226*a + 19. Is y(-25) prime?
True
Let k be (-3 - 12)/(9/1752). Let g = 6297 + k. Is g a composite number?
True
Let g(l) = 30*l + 8*l**2 - l**3 - 59*l + 25*l - 17. Let a be g(7). Is (a/(-6))/(((-16)/(-1173))/(-8)) composite?
True
Let j = 14167 + -6603. Let r = j - 2927. Is r a prime number?
True
Let l(h) = -4*h**2 + 25*h - 3. Let b be l(6). Suppose 2*o + 7*i - 5*i = 4308, 0 = 4*o - b*i - 8609. Is o composite?
False
Let r be 8/(-6)*(-9)/6*2. Let j be (-7 - -5)*2/r. Is 3 + 0 + j - -585 prime?
True
Is (-758164)/(-4) - (42 - 48) a composite number?
False
Suppose -27024 = -5*g + 4*v + 393355, -84103 = -g - 6*v. Is g prime?
False
Let o be 2 + (-6 + 30)/6. Suppose 11*g - o*g = 395. Is g composite?
False
Let a(l) = 12*l**2 - 12*l - 2. Let o be a(3). Suppose -69*d = -o*d + 8819. Is d a composite number?
False
Suppose -8*t + 465*t - 69533 - 1831130 = 0. Suppose -2*f + 8 = 2*f. Suppose 2*k - 16616 = -2*k + 3*d, k - f*d - t = 0. Is k composite?
True
Let v = 29684 - 9111. Is v a composite number?
True
Let r(x) = 1767*x**2 + 64*x - 650. Is r(9) a composite number?
False
Let q(j) = -9403*j - 2356. Is q(-35) a composite number?
True
Let c = -252247 + 376220. Is c prime?
True
Let z = -51765 - -76565. Let h = z - 15733. Is h a composite number?
False
Let k = -3639 + 6688. Is k prime?
True
Let t(i) = i**3 - 6*i**2 - 14*i + 18. Suppose -12*l + 39*l = 270. Is t(l) prime?
False
Let z be (1/((-4)/(-4)))/(2/8). Suppose -z*a = 4*f - 8, -2*a + 3*f = -3*a + 2. Suppose 4*u + 0*u - 5*o = 5101, a*u - 2543 = 5*o. Is u composite?
False
Let n = -1440 + 6329. Is n a prime number?
True
Suppose -2*v = 4*h - 6*h - 290694, -4*v + 581390 = -3*h. Is v a composite number?
False
Let r(c) = c**2 - 5*c + 2. Let n be r(7). Suppose -36 = 6*w - 9*w - k, -2*w + 4*k + 10 = 0. Suppose 5*f + a = 15170, n - w = -a. Is f a composite number?
True
Let u(x) = 46*x + 176. Let f be u(-4). Is -30*(-11049)/24 + 2/f composite?
True
Let n(d) = 5*d - 67. Let k be n(19). Suppose -7666 = -30*y + k*y. Is y composite?
False
Let i be 3 + (-1 - 2) - -1764. Suppose -9*n + i = -5*n. Let q = 510 + n. Is q prime?
False
Let x = 2917 + -12010. Is ((x - (-5)/(-1)) + -3)*-1 prime?
False
Let o be 1 - (25792/(-4) + -1). Suppose c - 4*i - 2167 = 0, 0 = -0*c - 3*c - 5*i + o. Is c a composite number?
True
Suppose 0 = -4*v + 6 + 6. Let s = 204 - 201. Is (517/v + s)*24/16 prime?
True
Let p = -336985 - -610772. Is p a composite number?
False
Let l = -338568 + 1127903. Is l a composite number?
True
Let d be 1296/(-30) + (-1)/(-5). Let r = d - -47. Is 0 - r - -1 - -262 composite?
True
Suppose 150*t + 471 = 153*t. Suppose 158*g = t*g + 2153. Is g a composite number?
False
Suppose -575*s = -98*s - 521364339. Is s prime?
True
Let h be -14 + 13 - -1*33. Is 22*8/(h/1954) a composite number?
True
Let o(n) = -18*n - 25. Let i(j) = j + 11. Let x be i(-5). Let t(g) = -2*g**2 + 12*g - 6. Let q be t(x). Is o(q) a prime number?
True
Suppose -4*n = -109 - 203. Suppose 72*m + 27966 = n*m. Is m a prime number?
False
Let q(j) = 14*j**2 - 126*j. Let l be q(9). Let v(k) = -2*k**2 + 19*k + 977. Is v(l) composite?
False
Suppose 9856 + 12058 = s - 3*z, 4*s = 5*z + 87607. Is s prime?
True
Let n(x) = -3*x**2 + 11*x + 2. Let c(g) = g**2 - g. Let k(v) = 5*c(v) + n(v). Let r = 28 + -32. Is k(r) a composite number?
True
Let d(p) = -p**2 + 35*p - 13. Suppose -10 = -3*u + 59. Let q be -1 + -4*(-4)/16 + u. Is d(q) composite?
False
Suppose -14*q + 159742337 + 88115445 = 968*q. Is q composite?
False
Is (-9001993)/(-115) + (-12)/10 prime?
True
Let g be (-35)/(-11) - (-7 + (-632)/(-88)). Suppose 3*q - 2*n - 1557 = 0, q - 2*q + 530 = g*n. Is q a composite number?
False
Let i(j) = 365*j**2 + 3*j - 7. Suppose -49 = -5*w - a + 23, -w - 4*a = -3. Suppose 0 = -z + 5*n - 3, -6*n + n = 5*z - w. Is i(z) composite?
False
Let t = -65 - -67. Suppose 246 + 9468 = 4*c + t*h, 2*c - 4848 = 2*h. Let z = c + -1610. Is z prime?
False
Let r = 20661 - -6160. Is r prime?
True
Is 1/((574803/(-143703) + 4)/(1/7)) a composite number?
False
Let a = 15529 + 91712. Is a a prime number?
False
Let p = 186483 + -53492. Is p composite?
True
Let j be (-1)/(-2)*3*6. Suppose 3*r = 5*s + 4*r - 66, 26 = 3*s + 4*r. Suppose -445 = -s*u + j*u. Is u composite?
False
Suppose 2 = o, 0 = i - 0*o - 4*o + 11. Let f be (-9)/(-6)*(-1252)/i. Suppose -t + f = 72. Is t a composite number?
True
Suppose 89*q - 9887372 - 90806961 = 0. Is q a composite number?
False
Is 1 - ((-66)/(-24) + 3)*-109832 composite?
True
Suppose 3*z - 490 = -454. Let g(m) = m**3 - m**2 - 8*m - 89. Is g(z) a prime number?
True
Let w(a) = a**2 - 27*a + 66. Let m be w(24). Is m/21 + ((-3465105)/49)/(-5) a composite number?
False
Suppose 3*m + 44 = 14*m. Suppose 4*v = -m*h + 888, 5*h - v - 1172 = -86. Suppose 5*s + h = 7*s. Is s prime?
True
Suppose 11*d + 267922 + 115847 = p, 4*d = -2*p + 767330. Is p a composite number?
False
Let u = 342 + -340. Suppose c - u*n - 522 = 0, -5*c - n - 4*n = -2550. Is c a composite number?
True
Suppose 0 = 3*j - 2*d - 3, -j - 6 = -2*j - d. Suppose -31 + 22 = -j*h. Suppose 3916 + 3317 = h*i. Is i composite?
False
Let m = 84 - 80. Let f be (-9*m/6)/((-6)/729). Let h = f - 490. Is h composite?
False
Suppose -10*i - 11 + 41 = 0. Suppose -i*w = -j - 2072, 3*w - 4*j - 744 - 1325 = 0. Is w prime?
True
Suppose -2*g + 2*i - 48705 = -7*g, 0 = -5*g - 4*i + 48695. Is g a composite number?
False
Let s(k) = -k + 3*k - 45 + 13 + 22. Let o be s(6). Is (12/6)/(o/613) a composite number?
False
Let u(w) = -275944*w - 8890. Is u(-3) a prime number?
False
Suppose z + 6251 = 3*z - v, 3*v - 6247 = -2*z. Suppose 2*x - n - z = 0, -6843 = -3*x - 4*n - 2172. Is x prime?
False
Is 713/62*1167/6 - (-3)/12 a composite number?
False
Suppose 170*x + 308*x - 121044011 = 5*x. Is x prime?
True
Let b(j) = 24888*j**2 + 13*j - 5. Is b(-2) composite?
True
Suppose 0 = 75*m - 5216792 - 2532133. Is m prime?
True
Let g = 14049 - -14061. Let i = g + -8737. Is i composite?
False
Suppose -3*z = 385 + 509. Let v = z + 2199. Is v prime?
True
Is (-1)/6 + (-1 - (-5739280)/96) prime?
False
Let d(o) = 4*o - 10. Let s be d(3